hundred thousands digit of 100364?
1
What is the hundreds digit of 1881?
8
What is the thousands digit of 88634?
8
What is the hundreds digit of 43665?
6
What is the thousands digit of 1033?
1
What is the units digit of 1855?
5
What is the tens digit of 2505?
0
What is the thousands digit of 119535?
9
What is the tens digit of 36113?
1
What is the units digit of 7?
7
What is the hundreds digit of 5016?
0
What is the ten thousands digit of 22160?
2
What is the tens digit of 14162?
6
What is the units digit of 2353?
3
What is the thousands digit of 6134?
6
What is the hundreds digit of 40200?
2
What is the hundreds digit of 3692?
6
What is the thousands digit of 2203?
2
What is the units digit of 65878?
8
What is the units digit of 4895?
5
What is the units digit of 12110?
0
What is the hundreds digit of 1439?
4
What is the thousands digit of 37396?
7
What is the ten thousands digit of 23191?
2
What is the thousands digit of 6115?
6
What is the thousands digit of 36957?
6
What is the hundreds digit of 4483?
4
What is the units digit of 295?
5
What is the tens digit of 2252?
5
What is the units digit of 6303?
3
What is the units digit of 71131?
1
What is the hundreds digit of 460?
4
What is the thousands digit of 1483?
1
What is the hundreds digit of 423?
4
What is the thousands digit of 8480?
8
What is the hundreds digit of 5896?
8
What is the tens digit of 12371?
7
What is the thousands digit of 7553?
7
What is the thousands digit of 79804?
9
What is the units digit of 1280?
0
What is the units digit of 54099?
9
What is the hundreds digit of 475?
4
What is the units digit of 1749?
9
What is the tens digit of 973?
7
What is the hundreds digit of 4960?
9
What is the hundreds digit of 2493?
4
What is the ten thousands digit of 63752?
6
What is the hundreds digit of 983?
9
What is the thousands digit of 2305?
2
What is the hundreds digit of 5523?
5
What is the units digit of 54149?
9
What is the thousands digit of 1972?
1
What is the tens digit of 117207?
0
What is the tens digit of 5085?
8
What is the tens digit of 5782?
8
What is the tens digit of 374?
7
What is the units digit of 23411?
1
What is the tens digit of 1343?
4
What is the tens digit of 1141?
4
What is the hundreds digit of 300?
3
What is the units digit of 1025?
5
What is the thousands digit of 85571?
5
What is the tens digit of 7726?
2
What is the tens digit of 935?
3
What is the tens digit of 575?
7
What is the units digit of 403?
3
What is the hundreds digit of 621?
6
What is the units digit of 17332?
2
What is the thousands digit of 20130?
0
What is the hundreds digit of 8495?
4
What is the ten thousands digit of 17913?
1
What is the tens digit of 1431?
3
What is the units digit of 34708?
8
What is the ten thousands digit of 18571?
1
What is the ten thousands digit of 19272?
1
What is the tens digit of 3446?
4
What is the units digit of 2296?
6
What is the hundreds digit of 2781?
7
What is the tens digit of 606?
0
What is the units digit of 1156?
6
What is the thousands digit of 3591?
3
What is the tens digit of 598?
9
What is the hundreds digit of 9410?
4
What is the units digit of 1573?
3
What is the units digit of 425?
5
What is the units digit of 86?
6
What is the units digit of 8596?
6
What is the hundreds digit of 922?
9
What is the units digit of 6944?
4
What is the hundreds digit of 18780?
7
What is the hundreds digit of 927?
9
What is the units digit of 45197?
7
What is the tens digit of 37472?
7
What is the units digit of 38155?
5
What is the units digit of 106?
6
What is the units digit of 1952?
2
What is the hundreds digit of 105191?
1
What is the thousands digit of 14027?
4
What is the thousands digit of 1316?
1
What is the hundreds digit of 2451?
4
What is the units digit of 12927?
7
What is the tens digit of 5756?
5
What is the units digit of 1494?
4
What is the thousands digit of 42442?
2
What is the thousands digit of 3604?
3
What is the tens digit of 2189?
8
What is the units digit of 212?
2
What is the tens digit of 799?
9
What is the units digit of 5574?
4
What is the units digit of 511?
1
What is the tens digit of 47074?
7
What is the hundreds digit of 1086?
0
What is the units digit of 2085?
5
What is the thousands digit of 35000?
5
What is the units digit of 979?
9
What is the tens digit of 34062?
6
What is the hundreds digit of 383?
3
What is the thousands digit of 29575?
9
What is the units digit of 30417?
7
What is the hundreds digit of 481?
4
What is the hundreds digit of 45737?
7
What is the tens digit of 2263?
6
What is the units digit of 13293?
3
What is the thousands digit of 38095?
8
What is the tens digit of 7040?
4
What is the thousands digit of 1866?
1
What is the tens digit of 415?
1
What is the units digit of 11627?
7
What is the units digit of 912?
2
What is the units digit of 1567?
7
What is the hundreds digit of 3181?
1
What is the ten thousands digit of 39169?
3
What is the units digit of 2770?
0
What is the tens digit of 1110?
1
What is the units digit of 14004?
4
What is the units digit of 190?
0
What is the units digit of 2378?
8
What is the thousands digit of 115332?
5
What is the units digit of 31259?
9
What is the tens digit of 56?
5
What is the hundreds digit of 78823?
8
What is the thousands digit of 4256?
4
What is the hundreds digit of 897?
8
What is the tens digit of 7974?
7
What is the tens digit of 3143?
4
What is the units digit of 2881?
1
What is the hundreds digit of 1006?
0
What is the units digit of 3865?
5
What is the units digit of 84293?
3
What is the units digit of 10935?
5
What is the units digit of 26?
6
What is the units digit of 808?
8
What is the thousands digit of 23126?
3
What is the thousands digit of 15563?
5
What is the tens digit of 614?
1
What is the units digit of 2472?
2
What is the tens digit of 2019?
1
What is the units digit of 2515?
5
What is the units digit of 1005?
5
What is the hundreds digit of 723?
7
What is the thousands digit of 1188?
1
What is the units digit of 39?
9
What is the tens digit of 81182?
8
What is the units digit of 590?
0
What is the ten thousands digit of 11969?
1
What is the thousands digit of 4316?
4
What is the units digit of 506?
6
What is the hundreds digit of 27487?
4
What is the thousands digit of 5142?
5
What is the thousands digit of 45378?
5
What is the tens digit of 1472?
7
What is the tens digit of 11794?
9
What is the units digit of 3454?
4
What is the units digit of 4357?
7
What is the hundreds digit of 11648?
6
What is the hundreds digit of 18078?
0
What is the tens digit of 7342?
4
What is the tens digit of 208?
0
What is the thousands digit of 4899?
4
What is the thousands digit of 1278?
1
What is the hundreds digit of 11348?
3
What is the ten thousands digit of 58468?
5
What is the tens digit of 665?
6
What is the thousands digit of 1540?
1
What is the units digit of 368?
8
What is the units digit of 26664?
4
What is the ten thousands digit of 29344?
2
What is the hundreds digit of 2889?
8
What is the tens digit of 9699?
9
What is the tens digit of 4670?
7
What is the tens digit of 1549?
4
What is the units digit of 137965?
5
What is the hundreds digit of 27727?
7
What is the ten thousands digit of 32992?
3
What is the tens digit of 7689?
8
What is the thousands digit of 15101?
5
What is the units digit of 50657?
7
What is the tens digit of 61677?
7
What is the units digit of 1?
1
What is the ten thousands digit of 78394?
7
What is the tens digit of 256?
5
What is the hundreds digit of 2254?
2
What is the units digit of 78523?
3
What is the thousands digit of 7890?
7
What is the units digit of 2280?
0
What is the units digit of 3992?
2
What is the hundreds digit of 25013?
0
What is the units digit of 7170?
0
What is the hundreds digit of 759?
7
What is the tens digit of 34225?
2
What is the units digit of 1175?
5
What is the tens digit of 183?
8
What is the units digit of 2991?
1
What is the hundreds digit of 161?
1
What is the tens digit of 65566?
6
What is the units digit of 671?
1
What is the units digit of 7439?
9
What is the hundreds digit of 551?
5
What is the thousands digit of 2156?
2
What is the units digit of 14916?
6
What is the tens digit of 4572?
7
What is the units digit of 344?
4
What is the tens digit of 676?
7
What is the tens digit of 51